{"id":1963,"date":"2023-08-24T18:33:25","date_gmt":"2023-08-24T16:33:25","guid":{"rendered":"https:\/\/promasa.hn\/nicaragua\/?post_type=product&#038;p=1963"},"modified":"2023-10-24T23:48:33","modified_gmt":"2023-10-24T21:48:33","slug":"tecnotubo-galvanizado-redondo","status":"publish","type":"product","link":"https:\/\/promasa.hn\/nicaragua\/producto\/tecnotubo-galvanizado-redondo\/","title":{"rendered":"Tecnotubo Galvanizado Redondo"},"content":{"rendered":"<p><strong>Ventajas<br \/>\n<\/strong>\u2022 Resistente<br \/>\n\u2022 Variedad de formas<br \/>\n\u2022 Durable<br \/>\n\u2022 Precisi\u00f3n y exactitud en<br \/>\ndimensiones<br \/>\n\u2022 Resistente al impacto<br \/>\n\u2022 Disminuye el tiempo de instalaci\u00f3n<br \/>\n\u2022 Soldadura resistente a cualquier<br \/>\nflexi\u00f3n<\/p>\n","protected":false},"excerpt":{"rendered":"<ul>\n<li>Tuber\u00eda soldada por resistencia el\u00e9ctrica a partir de l\u00e1mina de acero<br \/>\ngalvanizada rolada en caliente o fr\u00eda, con diferentes grados de acero<\/li>\n<\/ul>\n","protected":false},"featured_media":1535,"template":"","meta":[],"product_cat":[175],"product_tag":[94,95,91,90],"class_list":["post-1963","product","type-product","status-publish","has-post-thumbnail","hentry","product_cat-tecnotubo-galvanizado","product_tag-redondo","product_tag-tecnotubo-galvanizado","product_tag-tubos","product_tag-tubos-galvanizados"],"_links":{"self":[{"href":"https:\/\/promasa.hn\/nicaragua\/wp-json\/wp\/v2\/product\/1963","targetHints":{"allow":["GET"]}}],"collection":[{"href":"https:\/\/promasa.hn\/nicaragua\/wp-json\/wp\/v2\/product"}],"about":[{"href":"https:\/\/promasa.hn\/nicaragua\/wp-json\/wp\/v2\/types\/product"}],"wp:featuredmedia":[{"embeddable":true,"href":"https:\/\/promasa.hn\/nicaragua\/wp-json\/wp\/v2\/media\/1535"}],"wp:attachment":[{"href":"https:\/\/promasa.hn\/nicaragua\/wp-json\/wp\/v2\/media?parent=1963"}],"wp:term":[{"taxonomy":"product_cat","embeddable":true,"href":"https:\/\/promasa.hn\/nicaragua\/wp-json\/wp\/v2\/product_cat?post=1963"},{"taxonomy":"product_tag","embeddable":true,"href":"https:\/\/promasa.hn\/nicaragua\/wp-json\/wp\/v2\/product_tag?post=1963"}],"curies":[{"name":"wp","href":"https:\/\/api.w.org\/{rel}","templated":true}]}}